t d(s) = -s + 9. Let p(b) = -b**3 + 6*b**2 - 2*b - 13. Let o be p(5). Suppose 0 = -3*z - o*w - 2*w - 20, -4*z + 15 = -3*w. What is d(z)?
9
Let q(r) = -r**3 + 4*r**2 - 2*r + 1. Let a be q(3). Suppose -a = -8*i + 4*i. Let m = -7 + i. Let p(c) = -3*c - 2. What is p(m)?
16
Let v(g) = -2*g**2 - 1. Let o(r) = 3*r**2 - r + 1. Let i(j) = 3*o(j) + 4*v(j). Suppose h = -0*b - 5*b + 19, -5*h = -2*b - 14. Suppose 2*f - b = f. Give i(f).
-1
Let u(t) = t**3 + 9*t**2 + 2*t + 7. Suppose -9 + 36 = -3*f. Give u(f).
-11
Suppose -o + 25 = 5*q, 5*q - 9 - 26 = o. Let a(m) = -2*m + 1 + q*m**3 + 0*m**2 - 3*m**2 + 6*m**2 - 7*m**3. What is a(1)?
1
Suppose -4*q - 2 = -6*q. Let m(k) = -49*k + 3 - q + 1 + 50*k. Let j(c) = c**2 + c - 6. Let a be j(0). Give m(a).
-3
Suppose 0 = y - 1 - 0. Let q be y*2*1/1. Let w be q/(-3) - 121/(-33). Let h(g) = g**2 - 4. Determine h(w).
5
Let a(m) = m**2 - 12*m. Let j be a(12). Suppose j = -5*f - 0*f + 20. Let z(u) = f - u**2 + 2*u - 5 + 3*u - 6. Calculate z(5).
-7
Let x(t) be the first derivative of -t**2 - 13*t - 317. Determine x(-4).
-5
Suppose 5*q - 18 = 17. Let f(b) be the second derivative of b**4/12 - b**3 - 5*b**2/2 - 39*b. Give f(q).
2
Let h(i) be the third derivative of i**5/30 - i**4/8 - i**3/3 + i**2. Let c be 270/140 - (-4)/7 - 45/10. What is h(c)?
12
Let n(t) = -16*t - 12. Let q(s) = -19*s - 12. Let k(i) = 6*n(i) - 5*q(i). Determine k(-5).
-7
Let y(a) be the second derivative of a**8/6720 + a**7/360 - a**6/80 + a**5/15 - 13*a**4/6 + 15*a. Let j(p) be the third derivative of y(p). Determine j(-8).
16
Let t be ((-3 + -1)*-3)/((-15)/(-10)). Let o(q) = -q + 9. Calculate o(t).
1
Let p(y) = -2*y - 67. Let i be p(-31). Let h(u) = 2*u**2 + 5*u - 6. Give h(i).
19
Let x(d) = 11*d**3 + 11*d**2 + 11*d - 22. Let k = -85 + 93. Let u(h) = -4*h**3 - 4*h**2 - 4*h + 7. Let i(z) = k*u(z) + 3*x(z). What is i(0)?
-10
Let f(o) = 17 - 16 - 19*o + 0 - 3. What is f(-3)?
55
Let o(x) = -x - x + x - 71 + 73. Calculate o(9).
-7
Let l(f) be the first derivative of -f**2/2 + 12*f + 653. Calculate l(13).
-1
Let r be ((-270)/(-19))/(-2) + 350/3325. Let z(k) = 12*k - 2 - 4*k + k**2 + 1. Calculate z(r).
-8
Let u be (2 - 4) + (-12)/(-3) + -2. Let l(q) = u*q**3 + q**3 - 5 - 2*q**3 - 3*q + 3*q**2 + 7*q. What is l(4)?
-5
Let z(m) = m**2 - 2*m - 4. Let h be (-1 - 39)*(-13)/(130/8). Suppose -14*p = -h - 24. Calculate z(p).
4
Let o be ((345/2)/(-3))/((-83)/(-166)). Let j = o - -116. Let h(f) = -3*f + 2. Give h(j).
-1
Let n(j) = -5*j**2 + 4*j + 29. Let f(h) = -3*h**2 + 3*h + 18. Let a(r) = 8*f(r) - 5*n(r). Let p = 9 + 3. Suppose 4*k = -p - 4. What is a(k)?
-1
Let r(v) = -3*v + 3. Let k(z) = -4*z + 2. Let u(l) = 5*k(l) - 4*r(l). Let c be u(-1). Let n(o) = 5*o**2 - c*o**3 - 3*o**2 + 1 - 25*o + 27*o. Give n(-1).
7
Let r(y) = 3*y**3 + y**2 - 1. Let o(u) = 13*u**3 + 3*u**2 + u - 5. Let g(m) = -2*o(m) + 9*r(m). Let j be g(-3). Let i(l) = l - 10. Calculate i(j).
-3
Suppose w - 12 = -4*y, -2*w + y + 14 + 19 = 0. Let u(q) = q**3 - 17*q**2 + 16*q - 3. Determine u(w).
-3
Suppose 4*q - 131 = -15. Suppose 0 = 3*a + 2*a - p + 136, 0 = -2*a + 3*p - 44. Let l = q + a. Let m(t) = 10*t**2 - t. What is m(l)?
9
Let q(l) be the second derivative of l**5/20 - l**4/3 - 2*l**3/3 - 7*l**2/2 + 206*l. What is q(5)?
-2
Suppose 15 = 9*h - 3. Let v(f) = 4 - h + f + 0. Suppose 16 - 4 = -2*x. Determine v(x).
-4
Let n(g) = 33*g + 58. Let k be n(-2). Let z(x) = -x**2 - 4*x + 10. What is z(k)?
-22
Let l = -57 - -53. Let s(c) = -14*c**3 - 18*c**2 - 10*c - 10. Let x(d) = 5*d**3 + 6*d**2 + 3*d + 3. Let u(p) = l*s(p) - 11*x(p). Give u(-5).
-3
Suppose -5*o = -5*n + 60, 3*n - 12 = 5*o + 14. Let t(b) = 1 - 36*b + n*b + 18*b. Determine t(-2).
3
Suppose -37 = 5*m - v - 15, 2*m + 4*v = -22. Let x(z) = -9 + 2 + 4*z**2 + 2*z - 3*z**2. Calculate x(m).
8
Let l = -7 - -1. Let u(i) = -i**2 - 6*i - 4. Let p(y) = y + 1. Let v be (-4 + 6 - 4) + 3. Let d(w) = v*u(w) - 4*p(w). Give d(l).
16
Let j(u) = 0 + 3 - 175*u**3 + 2*u**2 + 176*u**3. Suppose 4*z - 6 = 6*z. What is j(z)?
-6
Let d(m) = m**3 - 3*m**2 + 4*m - 1. Let g be (-10)/(-4) - (-3)/6. Let h be d(g). Let f(y) = 2 - 4*y + h*y**2 - 5 - 12*y**2 + 2*y. What is f(-4)?
-11
Let c(l) be the second derivative of -l**5/20 - 2*l**4/3 + l**3/6 + 7*l**2 + 37*l + 1. What is c(-8)?
6
Let s(q) = -2*q**2 - 6*q - 2. Let k(a) = 3*a**2 + 11*a + 5. Let z(w) = -3*k(w) - 5*s(w). Give z(6).
13
Let x(f) = f**3 + 9*f**2 + 6*f + 1. Suppose 0 = 8*h - 366 + 430. What is x(h)?
17
Let h(p) be the first derivative of -p**5/120 - p**4/12 + 22*p**3/3 - 4. Let z(f) be the third derivative of h(f). Determine z(4).
-6
Let z(x) = 1 + 7*x - 7*x + 4*x. Let s = 0 + -3. What is z(s)?
-11
Let m = -5 + 9. Suppose 6 = -3*g, -m*o + g + 0*g = -14. Let x(d) = 4*d**2 - d - 8. Let r(j) = 7*j**2 - 2*j - 15. Let z(t) = o*r(t) - 5*x(t). What is z(0)?
-5
Let v(f) be the second derivative of -f**5/60 - 7*f**4/24 - 5*f**3/3 - 4*f**2 + 21*f. Let m(p) be the first derivative of v(p). What is m(-7)?
-10
Let s(b) = b**2 + 5*b + 4. Suppose 2*m + 3*m + 45 = -5*q, 0 = -4*m - q - 21. Give s(m).
0
Suppose -13 = 5*f + 17. Let l(u) be the first derivative of u**3/3 + 3*u**2 + 2*u + 77. Determine l(f).
2
Let q(p) = -p**3 + 5*p**2 - 3*p + 12. Suppose 260*g = 252*g + 48. Give q(g).
-42
Let j(g) be the second derivative of -7*g**5/20 + g**4/6 + g**3/3 - 2*g - 20. What is j(2)?
-44
Let d(a) = -a - 4. Let z be d(-7). Suppose -4*t + 25 = 5*u + t, 0 = 2*u - z*t. Let s(l) = -2*l + 5 + 3*l**2 + l**u + 2 - 4. What is s(-4)?
-5
Let l(t) = t**2 + 2*t - 3. Let k = 23 - 32. Let f(s) = s - 53 + 40 + 6*s + 2*s + 5*s**2. Let g(x) = k*l(x) + 2*f(x). What is g(2)?
5
Suppose 481 - 121 = 9*f. Suppose u = r + r - 11, 5*r = 5*u + f. Let d(l) = -2*l**2 - 6*l + 7. Calculate d(u).
-13
Let c(f) be the third derivative of -f**8/6720 - f**7/840 - f**6/240 - f**5/40 + 23*f**4/24 + 4*f**2. Let s(g) be the second derivative of c(g). Give s(-3).
6
Let m(a) = a - 15. Let y be m(18). Let d(u) = u**3 - 3*u**2 + 4*u + 1. Calculate d(y).
13
Let k(x) = 3*x**2 + 3*x - 19. Let l(y) be the third derivative of -y**5/30 - y**4/12 + 13*y**3/6 - 18*y**2. Let h(u) = 5*k(u) + 7*l(u). What is h(-3)?
2
Let v(s) be the second derivative of -7*s**6/60 + s**5/60 - s**4/24 + s**3/6 + 5*s**2/2 - 20*s. Let p(d) be the first derivative of v(d). Calculate p(1).
-13
Let q(i) = -13*i - 61. Let s be q(-5). Let u(v) = 5*v - 3. Calculate u(s).
17
Let m(l) = -2*l - 23. Let w be 0*(-4)/(-32)*4. What is m(w)?
-23
Let t(s) = s - 5. Let z(y) = y**3 - 7*y**2 - 11*y + 7. Let d be z(8). Let u(r) = r + 19. Let i be u(d). Suppose -i*w + 8 + 0 = 0. Determine t(w).
-1
Let w(a) = 271*a - 525*a - 9 + 257*a. Calculate w(3).
0
Let g(h) be the first derivative of 7*h**2/2 - 2*h + 67. What is g(-2)?
-16
Let b be (96/20)/(52/(-130)). Let z(i) = i**3 + 12*i**2 + i + 5. What is z(b)?
-7
Let p = 32 + -28. Suppose -2*o - p*q = -8*q + 2, -10 = -5*q. Let i(s) = 3*s. Give i(o).
9
Let b be 3/1 + 57/57. Let l(o) = -o + 5. What is l(b)?
1
Let j(v) = -v + 1. Let t(n) = -n**3 - 6*n**2 - n - 4. Let i be t(-6). Let h(f) = f. Let b(c) = i*j(c) + 3*h(c). Let d be ((-12)/24)/(1/6). What is b(d)?
-1
Suppose 3*m = 4*m. Let s be (0/3 + m)/(-2). Let l(o) be the third derivative of o**4/24 + 5*o**3/2 - 5*o**2. Determine l(s).
15
Let o(m) = 22 + 29 - 4*m + 5*m - 52. What is o(-5)?
-6
Let y(i) be the first derivative of i**2 + i + 73. Determine y(4).
9
Let j be (0 + (-21)/(-3))*135/63. Let b(v) = v - 24. Determine b(j).
-9
Let t be (-56)/(-2) - (-4 - -6). Let k = -22 + t. Let z(x) = -x**3 + 4*x**2 - x - 4. Give z(k).
-8
Suppose 4*l - 39 = -3*f, 4*l - 4*f = -6*f + 42. Let k(n) = -n**2 + 13*n + 4. Determine k(l).
16
Let y(c) = -3*c**2 + c. Let n be (36/8)/9*-2. Give y(n).
-4
Let f(r) = 3*r + 45. Let n be 880/(-70) + 3/(-7). What is f(n)?
6
Let f(y) be the second derivative of -y**5/30 - y**4/12 + 2*y**3/3 + 3*y**2 + 14*y. Let b(l) be the first derivative of f(l). Give b(-3).
-8
Let f(m) = 2*m - 42. Let w(r) = 5*r - 88. Let d(h) = 13*f(h) - 6*w(h). Give d(-6).
6
Suppose 4 = 2*x - 4. Let b(j) = 2 - 8*j - x*j + 11*j - j**2. Calculate b(-2).
0
Let v(m) be the first derivative of m**3/3 + 5*m**2 - 5*m - 490. What is v(-6)?
-29
Suppose -10*d - 3 = -63. Let n(o) be the first derivative of o**6/360 - o**5/20 - o**4/24 + o**3 + 3. Let r(x) be 